{"id":9090,"date":"2020-01-13T06:36:42","date_gmt":"2020-01-13T06:36:42","guid":{"rendered":"https:\/\/wpbingosite.com\/wordpress\/vitic\/?page_id=9090"},"modified":"2025-09-12T07:55:59","modified_gmt":"2025-09-12T05:55:59","slug":"kontakt","status":"publish","type":"page","link":"https:\/\/electro.flaming-commerce.pl\/index.php\/kontakt\/","title":{"rendered":"Kontakt"},"content":{"rendered":"\t\t<div data-elementor-type=\"wp-page\" data-elementor-id=\"9090\" class=\"elementor elementor-9090\">\n\t\t\t\t\t\t<section class=\"elementor-section elementor-top-section elementor-element elementor-element-af1af35 elementor-section-boxed elementor-section-height-default elementor-section-height-default\" data-id=\"af1af35\" data-element_type=\"section\">\n\t\t\t\t\t\t<div class=\"elementor-container elementor-column-gap-default\">\n\t\t\t\t\t<div class=\"elementor-column elementor-col-50 elementor-top-column elementor-element elementor-element-06c89d8\" data-id=\"06c89d8\" data-element_type=\"column\">\n\t\t\t<div class=\"elementor-widget-wrap elementor-element-populated\">\n\t\t\t\t\t\t<div class=\"elementor-element elementor-element-3d17912 elementor-widget elementor-widget-heading\" data-id=\"3d17912\" data-element_type=\"widget\" data-widget_type=\"heading.default\">\n\t\t\t\t\t<h2 class=\"elementor-heading-title elementor-size-default\">Kontakt<\/h2>\t\t\t\t<\/div>\n\t\t\t\t<div class=\"elementor-element elementor-element-891e0b6 elementor-widget elementor-widget-text-editor\" data-id=\"891e0b6\" data-element_type=\"widget\" data-widget_type=\"text-editor.default\">\n\t\t\t\t\t\t\t\t\t<p data-start=\"292\" data-end=\"522\">W <strong data-start=\"294\" data-end=\"308\">\u015arubmet.pl<\/strong> stawiamy na <strong data-start=\"321\" data-end=\"359\">pe\u0142n\u0105 satysfakcj\u0119 naszych klient\u00f3w<\/strong>. Zdajemy sobie spraw\u0119, jak wa\u017cne jest szybkie i rzetelne wsparcie, dlatego nasz zesp\u00f3\u0142 obs\u0142ugi klienta jest zawsze gotowy, by pom\u00f3c Ci na ka\u017cdym etapie zakup\u00f3w.<\/p>\t\t\t\t\t\t\t\t<\/div>\n\t\t\t\t<div class=\"elementor-element elementor-element-fb9f2a9 elementor-position-left elementor-view-default elementor-mobile-position-top elementor-widget elementor-widget-icon-box\" data-id=\"fb9f2a9\" data-element_type=\"widget\" data-widget_type=\"icon-box.default\">\n\t\t\t\t\t\t\t<div class=\"elementor-icon-box-wrapper\">\n\n\t\t\t\t\t\t<div class=\"elementor-icon-box-icon\">\n\t\t\t\t<span  class=\"elementor-icon\">\n\t\t\t\t<svg aria-hidden=\"true\" class=\"e-font-icon-svg e-fas-home\" viewBox=\"0 0 576 512\" xmlns=\"http:\/\/www.w3.org\/2000\/svg\"><path d=\"M280.37 148.26L96 300.11V464a16 16 0 0 0 16 16l112.06-.29a16 16 0 0 0 15.92-16V368a16 16 0 0 1 16-16h64a16 16 0 0 1 16 16v95.64a16 16 0 0 0 16 16.05L464 480a16 16 0 0 0 16-16V300L295.67 148.26a12.19 12.19 0 0 0-15.3 0zM571.6 251.47L488 182.56V44.05a12 12 0 0 0-12-12h-56a12 12 0 0 0-12 12v72.61L318.47 43a48 48 0 0 0-61 0L4.34 251.47a12 12 0 0 0-1.6 16.9l25.5 31A12 12 0 0 0 45.15 301l235.22-193.74a12.19 12.19 0 0 1 15.3 0L530.9 301a12 12 0 0 0 16.9-1.6l25.5-31a12 12 0 0 0-1.7-16.93z\"><\/path><\/svg>\t\t\t\t<\/span>\n\t\t\t<\/div>\n\t\t\t\n\t\t\t\t\t\t<div class=\"elementor-icon-box-content\">\n\n\t\t\t\t\t\t\t\t\t<h2 class=\"elementor-icon-box-title\">\n\t\t\t\t\t\t<span  >\n\t\t\t\t\t\t\tDane firmy:\t\t\t\t\t\t<\/span>\n\t\t\t\t\t<\/h2>\n\t\t\t\t\n\t\t\t\t\t\t\t\t\t<p class=\"elementor-icon-box-description\">\n\t\t\t\t\t\tF.H.U. \u015aRUB-MET Marcin Kury\u0142o<br \/>\nul. Chorzowska 98<br \/>\n\n41-605 \u015awi\u0119toch\u0142owice <br \/>\n\u015awi\u0119toch\u0142owice  - Polska <br \/><br \/>\n\n\nNIP: 6321039635<br \/>\nREGON: 277499832\t\t\t\t\t<\/p>\n\t\t\t\t\n\t\t\t<\/div>\n\t\t\t\n\t\t<\/div>\n\t\t\t\t\t\t<\/div>\n\t\t\t\t<div class=\"elementor-element elementor-element-6aa3ac3 elementor-position-left elementor-view-default elementor-mobile-position-top elementor-widget elementor-widget-icon-box\" data-id=\"6aa3ac3\" data-element_type=\"widget\" data-widget_type=\"icon-box.default\">\n\t\t\t\t\t\t\t<div class=\"elementor-icon-box-wrapper\">\n\n\t\t\t\t\t\t<div class=\"elementor-icon-box-icon\">\n\t\t\t\t<span  class=\"elementor-icon\">\n\t\t\t\t<svg xmlns=\"http:\/\/www.w3.org\/2000\/svg\" id=\"Capa_1\" height=\"512\" viewBox=\"0 0 512 512\" width=\"512\"><g><path d=\"m416.303 242.244-72.456-72.457v-124.787c0-24.813-20.187-45-45-45h-196c-24.813 0-45 20.187-45 45v422c0 24.813 20.187 45 45 45h306c7.146 0 13.299-5.04 14.706-12.046l27.953-139.147c8.732-43.466-4.428-87.788-35.203-118.563zm-313.456-212.244h196c8.271 0 15 6.729 15 15v193.479c-18.398-18.146-47.955-18.046-66.228.226-18.311 18.281-18.399 47.958-.122 66.359l57.456 59.733c-12.456 9.296-28.592 25.521-40.18 52.203h-176.926v-372c0-8.271 6.728-15 15-15zm-15 437v-20h167.229c-2.378 10.518-4.06 22.148-4.801 35h-147.428c-8.272 0-15-6.729-15-15zm334.247-112.102-25.533 127.102c-24.121 0-91.451 0-116.216 0 2.163-31.861 11.334-58.562 26.846-77.835 12.86-15.979 25.954-21.708 26.997-22.146 9.815-3.513 13.323-16.253 5.47-24.417-70.924-73.736-70.706-73.512-70.834-73.638-6.588-6.588-6.692-17.355 0-24.037 6.613-6.612 17.362-6.63 23.997-.049 31.711 32.436 16.291 16.871 71.785 72.364 5.857 5.858 15.355 5.859 21.213 0 5.858-5.858 5.858-15.355 0-21.213l-41.972-41.971v-56.844l51.243 51.243c23.658 23.658 33.754 57.842 27.004 91.441z\"><\/path><\/g><\/svg>\t\t\t\t<\/span>\n\t\t\t<\/div>\n\t\t\t\n\t\t\t\t\t\t<div class=\"elementor-icon-box-content\">\n\n\t\t\t\t\t\t\t\t\t<h2 class=\"elementor-icon-box-title\">\n\t\t\t\t\t\t<span  >\n\t\t\t\t\t\t\tTelefon:\t\t\t\t\t\t<\/span>\n\t\t\t\t\t<\/h2>\n\t\t\t\t\n\t\t\t\t\t\t\t\t\t<p class=\"elementor-icon-box-description\">\n\t\t\t\t\t\t+ 32 770 98 80, + 32 770 97 75<br \/><br \/>\nNasze linie telefoniczne s\u0105 dost\u0119pne w godzinach pracy. Skontaktuj si\u0119 z nami telefonicznie, aby uzyska\u0107 natychmiastow\u0105 pomoc.\n\n\t\t\t\t\t<\/p>\n\t\t\t\t\n\t\t\t<\/div>\n\t\t\t\n\t\t<\/div>\n\t\t\t\t\t\t<\/div>\n\t\t\t\t<div class=\"elementor-element elementor-element-13826f0 elementor-position-left elementor-view-default elementor-mobile-position-top elementor-widget elementor-widget-icon-box\" data-id=\"13826f0\" data-element_type=\"widget\" data-widget_type=\"icon-box.default\">\n\t\t\t\t\t\t\t<div class=\"elementor-icon-box-wrapper\">\n\n\t\t\t\t\t\t<div class=\"elementor-icon-box-icon\">\n\t\t\t\t<span  class=\"elementor-icon\">\n\t\t\t\t<svg aria-hidden=\"true\" class=\"e-font-icon-svg e-far-smile-wink\" viewBox=\"0 0 496 512\" xmlns=\"http:\/\/www.w3.org\/2000\/svg\"><path d=\"M248 8C111 8 0 119 0 256s111 248 248 248 248-111 248-248S385 8 248 8zm0 448c-110.3 0-200-89.7-200-200S137.7 56 248 56s200 89.7 200 200-89.7 200-200 200zm117.8-146.4c-10.2-8.5-25.3-7.1-33.8 3.1-20.8 25-51.5 39.4-84 39.4s-63.2-14.3-84-39.4c-8.5-10.2-23.7-11.5-33.8-3.1-10.2 8.5-11.5 23.6-3.1 33.8 30 36 74.1 56.6 120.9 56.6s90.9-20.6 120.9-56.6c8.5-10.2 7.1-25.3-3.1-33.8zM168 240c17.7 0 32-14.3 32-32s-14.3-32-32-32-32 14.3-32 32 14.3 32 32 32zm160-60c-25.7 0-55.9 16.9-59.9 42.1-1.7 11.2 11.5 18.2 19.8 10.8l9.5-8.5c14.8-13.2 46.2-13.2 61 0l9.5 8.5c8.5 7.4 21.6.3 19.8-10.8-3.8-25.2-34-42.1-59.7-42.1z\"><\/path><\/svg>\t\t\t\t<\/span>\n\t\t\t<\/div>\n\t\t\t\n\t\t\t\t\t\t<div class=\"elementor-icon-box-content\">\n\n\t\t\t\t\t\t\t\t\t<h2 class=\"elementor-icon-box-title\">\n\t\t\t\t\t\t<span  >\n\t\t\t\t\t\t\tGodziny otwarcia:\t\t\t\t\t\t<\/span>\n\t\t\t\t\t<\/h2>\n\t\t\t\t\n\t\t\t\t\t\t\t\t\t<p class=\"elementor-icon-box-description\">\n\t\t\t\t\t\tPoniedzia\u0142ek - Pi\u0105tek 08:00 - 16:00<br>\n\t\t\t\t\t<\/p>\n\t\t\t\t\n\t\t\t<\/div>\n\t\t\t\n\t\t<\/div>\n\t\t\t\t\t\t<\/div>\n\t\t\t\t<div class=\"elementor-element elementor-element-b0240f9 elementor-position-left elementor-view-default elementor-mobile-position-top elementor-widget elementor-widget-icon-box\" data-id=\"b0240f9\" data-element_type=\"widget\" data-widget_type=\"icon-box.default\">\n\t\t\t\t\t\t\t<div class=\"elementor-icon-box-wrapper\">\n\n\t\t\t\t\t\t<div class=\"elementor-icon-box-icon\">\n\t\t\t\t<span  class=\"elementor-icon\">\n\t\t\t\t<svg aria-hidden=\"true\" class=\"e-font-icon-svg e-fas-mail-bulk\" viewBox=\"0 0 576 512\" xmlns=\"http:\/\/www.w3.org\/2000\/svg\"><path d=\"M160 448c-25.6 0-51.2-22.4-64-32-64-44.8-83.2-60.8-96-70.4V480c0 17.67 14.33 32 32 32h256c17.67 0 32-14.33 32-32V345.6c-12.8 9.6-32 25.6-96 70.4-12.8 9.6-38.4 32-64 32zm128-192H32c-17.67 0-32 14.33-32 32v16c25.6 19.2 22.4 19.2 115.2 86.4 9.6 6.4 28.8 25.6 44.8 25.6s35.2-19.2 44.8-22.4c92.8-67.2 89.6-67.2 115.2-86.4V288c0-17.67-14.33-32-32-32zm256-96H224c-17.67 0-32 14.33-32 32v32h96c33.21 0 60.59 25.42 63.71 57.82l.29-.22V416h192c17.67 0 32-14.33 32-32V192c0-17.67-14.33-32-32-32zm-32 128h-64v-64h64v64zm-352-96c0-35.29 28.71-64 64-64h224V32c0-17.67-14.33-32-32-32H96C78.33 0 64 14.33 64 32v192h96v-32z\"><\/path><\/svg>\t\t\t\t<\/span>\n\t\t\t<\/div>\n\t\t\t\n\t\t\t\t\t\t<div class=\"elementor-icon-box-content\">\n\n\t\t\t\t\t\t\t\t\t<h2 class=\"elementor-icon-box-title\">\n\t\t\t\t\t\t<span  >\n\t\t\t\t\t\t\tEmail:\t\t\t\t\t\t<\/span>\n\t\t\t\t\t<\/h2>\n\t\t\t\t\n\t\t\t\t\t\t\t\t\t<p class=\"elementor-icon-box-description\">\n\t\t\t\t\t\tbiuro@srubmet.pl\t\t\t\t\t<\/p>\n\t\t\t\t\n\t\t\t<\/div>\n\t\t\t\n\t\t<\/div>\n\t\t\t\t\t\t<\/div>\n\t\t\t\t\t<\/div>\n\t\t<\/div>\n\t\t\t\t<div class=\"elementor-column elementor-col-50 elementor-top-column elementor-element elementor-element-6cacfb9\" data-id=\"6cacfb9\" data-element_type=\"column\">\n\t\t\t<div class=\"elementor-widget-wrap elementor-element-populated\">\n\t\t\t\t\t\t<div class=\"elementor-element elementor-element-09c4be9 elementor-widget elementor-widget-text-editor\" data-id=\"09c4be9\" data-element_type=\"widget\" data-widget_type=\"text-editor.default\">\n\t\t\t\t\t\t\t\t\t<p data-start=\"524\" data-end=\"806\">Je\u015bli masz jakiekolwiek pytania dotycz\u0105ce naszej oferty, sposob\u00f3w p\u0142atno\u015bci, koszt\u00f3w dostawy czy dost\u0119pno\u015bci produkt\u00f3w \u2013 <strong data-start=\"645\" data-end=\"670\">skontaktuj si\u0119 z nami<\/strong>.<br data-start=\"671\" data-end=\"674\" \/>Nasi doradcy ch\u0119tnie pomog\u0105 Ci w wyborze odpowiednich \u015brub, nakr\u0119tek i innych element\u00f3w z\u0142\u0105cznych, dopasowanych do Twoich potrzeb.<\/p><p data-start=\"808\" data-end=\"913\">W <strong data-start=\"810\" data-end=\"824\">\u015arubmet.pl<\/strong> dbamy nie tylko o wysok\u0105 jako\u015b\u0107 produkt\u00f3w, ale r\u00f3wnie\u017c o <strong data-start=\"882\" data-end=\"901\">komfort zakup\u00f3w<\/strong>. Dlatego:<\/p><ul data-start=\"914\" data-end=\"1199\"><li data-start=\"914\" data-end=\"951\"><p data-start=\"916\" data-end=\"951\">doradzamy przy wyborze produkt\u00f3w,<\/p><\/li><li data-start=\"952\" data-end=\"1018\"><p data-start=\"954\" data-end=\"1018\">udzielamy szczeg\u00f3\u0142owych informacji o parametrach technicznych,<\/p><\/li><li data-start=\"1019\" data-end=\"1079\"><p data-start=\"1021\" data-end=\"1079\">pomagamy w doborze zamiennik\u00f3w i odpowiednich rozwi\u0105za\u0144,<\/p><\/li><li data-start=\"1080\" data-end=\"1145\"><p data-start=\"1082\" data-end=\"1145\">informujemy o statusie zam\u00f3wienia oraz dost\u0119pno\u015bci produkt\u00f3w,<\/p><\/li><li data-start=\"1146\" data-end=\"1199\"><p data-start=\"1148\" data-end=\"1199\">zapewniamy szybki kontakt mailowy i telefoniczny.<\/p><\/li><\/ul><p data-start=\"1201\" data-end=\"1356\">Twoje zadowolenie jest dla nas najwa\u017cniejsze \u2013 dlatego dok\u0142adamy wszelkich stara\u0144, aby zakupy w naszym sklepie by\u0142y proste, szybkie i w pe\u0142ni bezpieczne.<\/p>\t\t\t\t\t\t\t\t<\/div>\n\t\t\t\t<div class=\"elementor-element elementor-element-4176ab3 elementor-widget elementor-widget-shortcode\" data-id=\"4176ab3\" data-element_type=\"widget\" data-widget_type=\"shortcode.default\">\n\t\t\t\t\t\t\t<div class=\"elementor-shortcode\">\n<div class=\"wpcf7 no-js\" id=\"wpcf7-f2160-o1\" lang=\"pl-PL\" dir=\"ltr\" data-wpcf7-id=\"2160\">\n<div class=\"screen-reader-response\"><p role=\"status\" aria-live=\"polite\" aria-atomic=\"true\"><\/p> <ul><\/ul><\/div>\n<form action=\"\/index.php\/wp-json\/wp\/v2\/pages\/9090#wpcf7-f2160-o1\" method=\"post\" class=\"wpcf7-form init\" aria-label=\"Formularz kontaktowy\" novalidate=\"novalidate\" data-status=\"init\">\n<fieldset class=\"hidden-fields-container\"><input type=\"hidden\" name=\"_wpcf7\" value=\"2160\" \/><input type=\"hidden\" name=\"_wpcf7_version\" value=\"6.1.1\" \/><input type=\"hidden\" name=\"_wpcf7_locale\" value=\"pl_PL\" \/><input type=\"hidden\" name=\"_wpcf7_unit_tag\" value=\"wpcf7-f2160-o1\" \/><input type=\"hidden\" name=\"_wpcf7_container_post\" value=\"0\" \/><input type=\"hidden\" name=\"_wpcf7_posted_data_hash\" value=\"\" \/>\n<\/fieldset>\n<div class=\"contact-us-form\">\n\t<div class=\"title-contact\">\n\t\t<p>Skontaktuj si\u0119 z nami!\n\t\t<\/p>\n\t<\/div>\n\t<div class=\"col-sm-12\">\n\t\t<p><span class=\"wpcf7-form-control-wrap\" data-name=\"Email\"><input size=\"40\" maxlength=\"400\" class=\"wpcf7-form-control wpcf7-email wpcf7-validates-as-required wpcf7-text wpcf7-validates-as-email\" aria-required=\"true\" aria-invalid=\"false\" placeholder=\"Adres e-mail\" value=\"\" type=\"email\" name=\"Email\" \/><\/span>\n\t\t<\/p>\n\t<\/div>\n\t<div class=\"col-sm-12\">\n\t\t<p><span class=\"wpcf7-form-control-wrap\" data-name=\"textarea-982\"><textarea cols=\"40\" rows=\"10\" maxlength=\"2000\" class=\"wpcf7-form-control wpcf7-textarea wpcf7-validates-as-required\" aria-required=\"true\" aria-invalid=\"false\" placeholder=\"Twoja wiadomo\u015b\u0107\" name=\"textarea-982\"><\/textarea><\/span>\n\t\t<\/p>\n\t<\/div>\n<\/div>\n<div class=\"button\">\n\t<p><input class=\"wpcf7-form-control wpcf7-submit has-spinner\" type=\"submit\" value=\"Wy\u015blij wiadomo\u015b\u0107\" \/>\n\t<\/p>\n<\/div>\n<div class=\"wpcf7-response-output\" aria-hidden=\"true\"><\/div>\n<\/form>\n<\/div>\n<\/div>\n\t\t\t\t\t\t<\/div>\n\t\t\t\t\t<\/div>\n\t\t<\/div>\n\t\t\t\t\t<\/div>\n\t\t<\/section>\n\t\t\t\t<\/div>\n\t\t","protected":false},"excerpt":{"rendered":"<p>Kontakt W \u015arubmet.pl stawiamy na pe\u0142n\u0105 satysfakcj\u0119 naszych klient\u00f3w. Zdajemy sobie spraw\u0119, jak wa\u017cne jest szybkie i rzetelne wsparcie, dlatego nasz zesp\u00f3\u0142 obs\u0142ugi klienta jest zawsze gotowy, by pom\u00f3c Ci na ka\u017cdym etapie zakup\u00f3w. Dane firmy: F.H.U. \u015aRUB-MET Marcin Kury\u0142o ul. Chorzowska 98 41-605 \u015awi\u0119toch\u0142owice \u015awi\u0119toch\u0142owice &#8211; Polska NIP: 6321039635 REGON: 277499832 Telefon: + 32 [&hellip;]<\/p>\n","protected":false},"author":1,"featured_media":0,"parent":0,"menu_order":0,"comment_status":"closed","ping_status":"closed","template":"","meta":{"footnotes":""},"class_list":["post-9090","page","type-page","status-publish","hentry"],"_links":{"self":[{"href":"https:\/\/electro.flaming-commerce.pl\/index.php\/wp-json\/wp\/v2\/pages\/9090","targetHints":{"allow":["GET"]}}],"collection":[{"href":"https:\/\/electro.flaming-commerce.pl\/index.php\/wp-json\/wp\/v2\/pages"}],"about":[{"href":"https:\/\/electro.flaming-commerce.pl\/index.php\/wp-json\/wp\/v2\/types\/page"}],"author":[{"embeddable":true,"href":"https:\/\/electro.flaming-commerce.pl\/index.php\/wp-json\/wp\/v2\/users\/1"}],"replies":[{"embeddable":true,"href":"https:\/\/electro.flaming-commerce.pl\/index.php\/wp-json\/wp\/v2\/comments?post=9090"}],"version-history":[{"count":25,"href":"https:\/\/electro.flaming-commerce.pl\/index.php\/wp-json\/wp\/v2\/pages\/9090\/revisions"}],"predecessor-version":[{"id":24184,"href":"https:\/\/electro.flaming-commerce.pl\/index.php\/wp-json\/wp\/v2\/pages\/9090\/revisions\/24184"}],"wp:attachment":[{"href":"https:\/\/electro.flaming-commerce.pl\/index.php\/wp-json\/wp\/v2\/media?parent=9090"}],"curies":[{"name":"wp","href":"https:\/\/api.w.org\/{rel}","templated":true}]}}